2
What is the tens digit of 4378852194?
9
What is the units digit of 70397104?
4
What is the ten thousands digit of 935201886?
0
What is the units digit of 1041218933?
3
What is the tens digit of 1563770629?
2
What is the hundreds digit of 133480900?
9
What is the hundreds digit of 21664927?
9
What is the units digit of 1363670191?
1
What is the hundred thousands digit of 1825691588?
6
What is the hundred thousands digit of 115170875?
1
What is the hundred thousands digit of 2377993774?
9
What is the thousands digit of 9528059?
8
What is the thousands digit of 2097645399?
5
What is the hundreds digit of 635127873?
8
What is the hundred millions digit of 196110397?
1
What is the hundreds digit of 1676676215?
2
What is the ten millions digit of 99411829?
9
What is the hundred thousands digit of 14735124?
7
What is the ten thousands digit of 251780612?
8
What is the thousands digit of 24057148?
7
What is the hundred thousands digit of 28723227?
7
What is the millions digit of 439501927?
9
What is the hundred thousands digit of 37649467?
6
What is the thousands digit of 517430051?
0
What is the thousands digit of 19706957?
6
What is the units digit of 6473627052?
2
What is the hundred thousands digit of 214970478?
9
What is the hundred millions digit of 5173779505?
1
What is the millions digit of 126101839?
6
What is the ten thousands digit of 196821571?
2
What is the ten millions digit of 56095611?
5
What is the units digit of 1384255889?
9
What is the millions digit of 53477597?
3
What is the tens digit of 6845896684?
8
What is the hundred thousands digit of 24621534?
6
What is the ten millions digit of 168433939?
6
What is the hundreds digit of 33948878?
8
What is the hundred thousands digit of 834235828?
2
What is the millions digit of 25713089?
5
What is the hundred thousands digit of 195533168?
5
What is the ten millions digit of 1238313567?
3
What is the millions digit of 35639921?
5
What is the thousands digit of 1177911242?
1
What is the hundred millions digit of 296568346?
2
What is the ten thousands digit of 72238190?
3
What is the millions digit of 114641417?
4
What is the hundreds digit of 176125687?
6
What is the thousands digit of 21380048?
0
What is the hundred thousands digit of 81259681?
2
What is the hundreds digit of 233093001?
0
What is the hundreds digit of 3349529376?
3
What is the hundreds digit of 426833830?
8
What is the hundreds digit of 43738217?
2
What is the ten thousands digit of 768259860?
5
What is the millions digit of 1050185010?
0
What is the hundred millions digit of 448017599?
4
What is the thousands digit of 125982950?
2
What is the ten millions digit of 84496324?
8
What is the tens digit of 126778803?
0
What is the thousands digit of 1351735148?
5
What is the hundred thousands digit of 3049312334?
3
What is the ten millions digit of 68882653?
6
What is the tens digit of 306863784?
8
What is the hundred millions digit of 261669009?
2
What is the ten thousands digit of 26753323?
5
What is the ten thousands digit of 855774916?
7
What is the units digit of 361966616?
6
What is the hundred thousands digit of 48216602?
2
What is the millions digit of 150412770?
0
What is the ten millions digit of 64718937?
6
What is the units digit of 72417813?
3
What is the thousands digit of 965043987?
3
What is the units digit of 43476105?
5
What is the ten thousands digit of 97878970?
7
What is the millions digit of 701308028?
1
What is the hundred thousands digit of 219222026?
2
What is the ten thousands digit of 616634294?
3
What is the thousands digit of 1437426304?
6
What is the millions digit of 118566375?
8
What is the hundred millions digit of 392079940?
3
What is the tens digit of 2540938042?
4
What is the tens digit of 129506502?
0
What is the thousands digit of 1519075700?
5
What is the millions digit of 240368046?
0
What is the hundreds digit of 2747443434?
4
What is the ten thousands digit of 13280129?
8
What is the tens digit of 4909046286?
8
What is the tens digit of 471513356?
5
What is the tens digit of 7947146703?
0
What is the ten millions digit of 16364803?
1
What is the millions digit of 3894782489?
4
What is the millions digit of 52189529?
2
What is the ten millions digit of 271774367?
7
What is the millions digit of 263756391?
3
What is the tens digit of 502422489?
8
What is the tens digit of 3957271416?
1
What is the ten thousands digit of 44419070?
1
What is the hundreds digit of 4149692036?
0
What is the thousands digit of 53361722?
1
What is the ten millions digit of 148413706?
4
What is the hundreds digit of 17272474?
4
What is the tens digit of 168415101?
0
What is the millions digit of 58971376?
8
What is the millions digit of 1466583923?
6
What is the hundreds digit of 2252493525?
5
What is the units digit of 1179518567?
7
What is the ten millions digit of 2245931305?
4
What is the hundreds digit of 621456803?
8
What is the units digit of 39417963?
3
What is the thousands digit of 2085662036?
2
What is the hundred thousands digit of 1492758861?
7
What is the billions digit of 2421960614?
2
What is the hundreds digit of 1316666646?
6
What is the ten thousands digit of 19610723?
1
What is the tens digit of 227414605?
0
What is the ten millions digit of 305636830?
0
What is the thousands digit of 925393470?
3
What is the millions digit of 486900869?
6
What is the thousands digit of 65110244?
0
What is the thousands digit of 27961752?
1
What is the hundred thousands digit of 459477593?
4
What is the ten millions digit of 149256565?
4
What is the ten millions digit of 171538751?
7
What is the billions digit of 4739827829?
4
What is the thousands digit of 3793398098?
8
What is the hundred millions digit of 128684139?
1
What is the tens digit of 679089280?
8
What is the millions digit of 211838273?
1
What is the hundred millions digit of 3808899821?
8
What is the hundreds digit of 672417174?
1
What is the units digit of 340925962?
2
What is the hundreds digit of 647533595?
5
What is the ten thousands digit of 20120454?
2
What is the millions digit of 37884746?
7
What is the units digit of 24552255?
5
What is the ten thousands digit of 2601287067?
8
What is the ten thousands digit of 75520408?
2
What is the ten thousands digit of 1545839352?
3
What is the units digit of 856300867?
7
What is the hundreds digit of 278949413?
4
What is the hundreds digit of 4468600?
6
What is the thousands digit of 418151783?
1
What is the hundred thousands digit of 3031840?
0
What is the hundred thousands digit of 215974511?
9
What is the thousands digit of 162693956?
3
What is the tens digit of 65551929?
2
What is the ten thousands digit of 3521666624?
6
What is the units digit of 2483050469?
9
What is the units digit of 1321384790?
0
What is the millions digit of 34303502?
4
What is the thousands digit of 75883166?
3
What is the ten millions digit of 17181962?
1
What is the hundreds digit of 1541090202?
2
What is the tens digit of 123526057?
5
What is the units digit of 150570155?
5
What is the ten millions digit of 777097687?
7
What is the thousands digit of 41770185?
0
What is the ten millions digit of 133244071?
3
What is the tens digit of 29500324?
2
What is the ten thousands digit of 162824897?
2
What is the hundred millions digit of 1703941174?
7
What is the hundred thousands digit of 247547337?
5
What is the units digit of 1320311053?
3
What is the units digit of 173448511?
1
What is the units digit of 541435963?
3
What is the ten thousands digit of 196280930?
8
What is the thousands digit of 38433377?
3
What is the hundred thousands digit of 62142294?
1
What is the ten millions digit of 495568670?
9
What is the tens digit of 3463509975?
7
What is the ten thousands digit of 1252945848?
4
What is the hundred millions digit of 108501298?
1
What is the ten thousands digit of 4199538455?
3
What is the thousands digit of 245687538?
7
What is the hundred thousands digit of 68925895?
9
What is the ten millions digit of 49133360?
4
What is the hundreds digit of 2176158471?
4
What is the tens digit of 1348705?
0
What is the hundred millions digit of 397707499?
3
What is the hundred millions digit of 346930918?
3
What is the hundreds digit of 110498309?
3
What is the tens digit of 5040739101?
0
What is the ten millions 